25 is divided by 74.
29
Calculate the remainder when 8156 is divided by 631.
584
What is the remainder when 4424 is divided by 175?
49
What is the remainder when 5448 is divided by 216?
48
Calculate the remainder when 53744 is divided by 13435.
4
Calculate the remainder when 3249 is divided by 3224.
25
Calculate the remainder when 8442 is divided by 8310.
132
Calculate the remainder when 74868 is divided by 78.
66
Calculate the remainder when 1424 is divided by 1327.
97
What is the remainder when 5130 is divided by 13?
8
What is the remainder when 15437 is divided by 1257?
353
Calculate the remainder when 1585 is divided by 344.
209
What is the remainder when 2834789 is divided by 210?
209
What is the remainder when 341998 is divided by 912?
910
Calculate the remainder when 28018 is divided by 334.
296
What is the remainder when 1714 is divided by 8?
2
Calculate the remainder when 374 is divided by 350.
24
What is the remainder when 2252 is divided by 219?
62
What is the remainder when 1929530 is divided by 964761?
8
Calculate the remainder when 179453 is divided by 280.
253
Calculate the remainder when 91793 is divided by 827.
823
What is the remainder when 153755 is divided by 22?
19
Calculate the remainder when 5352 is divided by 282.
276
Calculate the remainder when 37848 is divided by 6300.
48
Calculate the remainder when 2764 is divided by 2164.
600
Calculate the remainder when 523014 is divided by 428.
426
What is the remainder when 2463 is divided by 588?
111
What is the remainder when 6492 is divided by 648?
12
What is the remainder when 2355 is divided by 2296?
59
Calculate the remainder when 24072 is divided by 3434.
34
What is the remainder when 247844 is divided by 403?
402
What is the remainder when 236186 is divided by 92?
22
Calculate the remainder when 21135 is divided by 271.
268
Calculate the remainder when 9452 is divided by 952.
884
What is the remainder when 6405 is divided by 3192?
21
Calculate the remainder when 5032 is divided by 5017.
15
Calculate the remainder when 30621 is divided by 5.
1
What is the remainder when 32374 is divided by 65?
4
Calculate the remainder when 252969 is divided by 41.
40
Calculate the remainder when 376 is divided by 139.
98
Calculate the remainder when 6099 is divided by 37.
31
Calculate the remainder when 28456 is divided by 54.
52
Calculate the remainder when 40037 is divided by 40.
37
What is the remainder when 972523 is divided by 2566?
9
What is the remainder when 14851 is divided by 4899?
154
What is the remainder when 101930 is divided by 95?
90
Calculate the remainder when 457775 is divided by 24.
23
Calculate the remainder when 73320 is divided by 378.
366
What is the remainder when 8093 is divided by 267?
83
Calculate the remainder when 1257642 is divided by 21.
15
Calculate the remainder when 6035 is divided by 215.
15
What is the remainder when 51938 is divided by 477?
422
What is the remainder when 802 is divided by 589?
213
What is the remainder when 2416 is divided by 465?
91
What is the remainder when 25141 is divided by 254?
249
What is the remainder when 240042 is divided by 30001?
34
Calculate the remainder when 54633 is divided by 49.
47
What is the remainder when 3973 is divided by 223?
182
What is the remainder when 1499735 is divided by 56?
55
What is the remainder when 3332 is divided by 1630?
72
What is the remainder when 144345 is divided by 72169?
7
Calculate the remainder when 325938 is divided by 561.
558
What is the remainder when 24959 is divided by 103?
33
What is the remainder when 5192 is divided by 1214?
336
What is the remainder when 257890 is divided by 840?
10
What is the remainder when 43099 is divided by 3040?
539
What is the remainder when 4039 is divided by 1224?
367
Calculate the remainder when 377 is divided by 155.
67
Calculate the remainder when 6838 is divided by 1138.
10
Calculate the remainder when 9264 is divided by 7.
3
Calculate the remainder when 282796 is divided by 70699.
0
What is the remainder when 638226 is divided by 11?
6
Calculate the remainder when 15546 is divided by 7763.
20
Calculate the remainder when 18860 is divided by 4715.
0
Calculate the remainder when 10145 is divided by 1317.
926
Calculate the remainder when 16277 is divided by 183.
173
Calculate the remainder when 13165 is divided by 6570.
25
Calculate the remainder when 1694610 is divided by 1201.
1200
What is the remainder when 70487 is divided by 274?
69
What is the remainder when 842057 is divided by 284?
281
Calculate the remainder when 16143 is divided by 95.
88
Calculate the remainder when 548 is divided by 85.
38
What is the remainder when 195080 is divided by 66?
50
What is the remainder when 16709 is divided by 1284?
17
What is the remainder when 1317747 is divided by 18?
3
Calculate the remainder when 5569 is divided by 422.
83
Calculate the remainder when 3027 is divided by 604.
7
What is the remainder when 18640 is divided by 111?
103
What is the remainder when 3641 is divided by 456?
449
What is the remainder when 89504 is divided by 40?
24
Calculate the remainder when 139749 is divided by 1471.
4
Calculate the remainder when 31221 is divided by 137.
122
What is the remainder when 4689 is divided by 96?
81
Calculate the remainder when 17457 is divided by 766.
605
Calculate the remainder when 64433 is divided by 2478.
5
What is the remainder when 30159 is divided by 177?
69
Calculate the remainder when 3137 is divided by 303.
107
Calculate the remainder when 859788 is divided by 2.
0
What is the remainder when 52553 is divided by 536?
25
Calculate the remainder when 63695 is divided by 5.
0
Calculate the remainder when 326 is divided by 241.
85
What is the remainder when 15415 is divided by 1709?
34
Calculate the remainder when 7150 is divided by 73.
69
What is the remainder when 141120 is divided by 129?
123
What is the remainder when 27456 is divided by 339?
336
Calculate the remainder when 1190 is divided by 402.
386
What is the remainder when 25436 is divided by 1949?
99
Calculate the remainder when 817125 is divided by 324.
321
Calculate the remainder when 118079 is divided by 53.
48
What is the remainder when 271768 is divided by 54348?
28
What is the remainder when 4887 is divided by 1057?
659
What is the remainder when 19817 is divided by 41?
14
Calculate the remainder when 6106 is divided by 6.
4
What is the remainder when 28469 is divided by 14223?
23
What is the remainder when 17240 is divided by 1436?
8
Calculate the remainder when 26867 is divided by 569.
124
Calculate the remainder when 31396 is divided by 4483.
15
What is the remainder when 220619 is divided by 2398?
3
What is the remainder when 38580 is divided by 48?
36
Calculate the remainder when 4591 is divided by 1253.
832
What is the remainder when 5365 is divided by 34?
27
Calculate the remainder when 3664 is divided by 12.
4
What is the remainder when 399684 is divided by 473?
472
Calculate the remainder when 18797 is divided by 1260.
1157
Calculate the remainder when 24016 is divided by 456.
304
Calculate the remainder when 17833 is divided by 81.
13
What is the remainder when 58643 is divided by 118?
115
What is the remainder when 54188 is divided by 122?
20
What is the remainder when 391228 is divided by 54?
52
What is the remainder when 10117 is divided by 1264?
5
Calculate the remainder when 424 is divided by 26.
8
What is the remainder when 14139 is divided by 104?
99
What is the remainder when 12279 is divided by 50?
29
Calculate the remainder when 807 is divided by 122.
75
Calculate the remainder when 8372 is divided by 405.
272
Calculate the remainder when 1634 is divided by 768.
98
What is the remainder when 9892 is divided by 342?
316
Calculate the remainder when 672 is divided by 332.
8
Calculate the remainder when 752 is divided by 575.
177
What is the remainder when 1594 is divided by 665?
264
Calculate the remainder when 4002 is divided by 402.
384
What is the remainder when 3171944 is divided by 1785?
1784
What is the remainder when 4947 is divided by 648?
411
Calculate the remainder when 9954 is divided by 9943.
11
Calculate the remainder when 236859 is divided by 5149.
5
What is the remainder when 3764 is divided by 89?
26
Calculate the remainder when 59559 